 2*u = -2*j + 3*j + 3. Let i(b) = -b**3 + 4*b**2 + 5*b + 1. Let n be i(4). Calculate the greatest common divisor of j and n.
7
Let y(j) = j - 2*j - 2*j + j**2. Let m be y(7). Suppose 3*t - 16 = -5*w, -t - 24 = -5*t - 4*w. What is the greatest common factor of t and m?
7
Let t = 90 - 45. Calculate the greatest common factor of 15 and t.
15
Let r(i) = i**3 + 5*i**2 - 2*i. Let u be r(-5). Calculate the greatest common divisor of 5 and u.
5
Let h = -13 + 14. What is the highest common factor of h and 11?
1
Let p be (3/2)/(1/6). Let o = p - -7. Let z = o + -4. Calculate the greatest common divisor of z and 3.
3
Let r be (4 - 15/4)*24. What is the highest common divisor of r and 9?
3
Suppose 4*w - 24 = -5*p, -1 = -2*p - 5*w - 5. Suppose -4*j = -p - 4. What is the greatest common factor of 2 and j?
1
Let b = -58 - -78. Calculate the greatest common factor of b and 2.
2
Let o be 1 + 0 - (-2 - 12). Let c = o + -5. Calculate the highest common divisor of 90 and c.
10
Let n(h) = -h**3 + 8*h**2 - 6*h - 3. Let a be n(6). Calculate the greatest common divisor of a and 3.
3
Let a(n) = 12*n**2 + 2*n + 2. Let k be a(-1). What is the highest common divisor of k and 8?
4
Let m(a) = a**3 - 2*a**2 - 6*a + 6. Let x be m(4). Suppose -12*q = -8*q. Let h be q/(2 - 4) - -2. Calculate the highest common factor of x and h.
2
Suppose 6 = -3*i - 3*r + 87, -53 = -3*i + 4*r. What is the greatest common factor of i and 23?
23
Let u be 1*(0 + 1)*7. Suppose 4*t = -4*h + 828, 3*h - u*h - 212 = -t. Let y = t + -103. What is the greatest common divisor of 21 and y?
21
Let p(g) = 5*g**2 - 4*g - 17. Let c be p(7). Calculate the greatest common divisor of c and 25.
25
Let a be (12/(-10))/((-2)/10). Suppose -4*j + a = -30. Calculate the greatest common factor of j and 3.
3
Let i = -26 - -36. Calculate the highest common factor of i and 5.
5
Suppose -5*t + n + 673 = -0*n, 2*n + 671 = 5*t. Calculate the greatest common divisor of t and 27.
27
Suppose -27*i + 42 = -24*i. Suppose -i + 2 = -v. What is the greatest common divisor of v and 8?
4
Suppose 1290 = 5*j + 170. Let g(h) = -h**2 + 10*h + 8. Let a be g(6). Calculate the highest common factor of a and j.
32
Suppose -5*t = 4*c - 51, -4*t + 24 - 84 = -4*c. What is the greatest common divisor of 112 and c?
14
Let u = -209 + 284. Calculate the greatest common factor of 15 and u.
15
Let y = -125 - -209. Suppose o = -4*g + 3 + 9, 0 = o + 3*g - 12. Calculate the highest common factor of o and y.
12
Let g be 25 + -3 + (0 - -1). What is the greatest common divisor of g and 115?
23
Suppose -4*b = 4*o - 80, -3*b + 4*o + 88 = b. Let i be (-8)/(-1) - (1 + 0). Calculate the greatest common divisor of i and b.
7
Let v = -34 - -51. Let b = -92 + 177. What is the greatest common factor of v and b?
17
Let u(l) = -l**2 + 8*l + 10. Let f be u(7). Suppose 5*w = -x + f, -7*w + 3*w = 5*x - 64. Calculate the greatest common factor of 6 and x.
6
Suppose -4*o - 4*g = -328, 90 + 80 = 2*o - g. Let r be 2/(-6) + (-37)/(-3). Calculate the highest common factor of r and o.
12
Let f(b) = b**2 + 4*b + 2. Let r be f(-3). Let u = -11 + 12. Let c be 2/(2 - (u + r)). Calculate the greatest common factor of 1 and c.
1
Let p be (-7)/(28/(-16))*14. Calculate the highest common factor of 8 and p.
8
Let p = -82 - -136. Let l = -35 + p. Calculate the highest common factor of 152 and l.
19
Suppose -15 = 3*p - 96. Calculate the greatest common divisor of 3 and p.
3
Let z be (-464)/(-3) + (10/3)/(-5). What is the highest common factor of z and 22?
22
Suppose 0*i + 4*i - 4 = 0. Calculate the greatest common factor of i and 1.
1
Let t = -75 - -125. Suppose 3*h - t = -2*h. Calculate the greatest common divisor of h and 110.
10
Suppose y = -5*q + 385, -5*q + 4*y = 3*y - 385. Calculate the highest common divisor of q and 11.
11
Suppose -2*n + 5*n + 15 = 0. Let k = 7 - n. What is the greatest common factor of 3 and k?
3
Let u(k) = -k + 11. Let a be u(3). Calculate the greatest common divisor of 88 and a.
8
Let d(a) = 2*a - 4. Suppose -7*y + 35 = -2*y. Let m be d(y). Calculate the highest common divisor of 10 and m.
10
Let b(s) = 12*s**3 - s**2 + 5*s - 4. Let u be b(1). Suppose -m + 5 = -3. What is the highest common divisor of u and m?
4
Let y be -3*2*9/6. Let d(a) = a**2 + 6*a - 1. Let z be d(y). Suppose -g = g - z. What is the greatest common divisor of g and 13?
13
Let o(a) = 2*a**2 - 14*a - 3*a**2 + 2*a**2 - 3. Let q be o(7). Let u = -31 - q. What is the highest common factor of 7 and u?
7
Let d = 6 - 0. Let b be -9*(-3)/6*12. Calculate the highest common factor of d and b.
6
Let v(i) = -i**3 + 9*i**2 - 4*i - 4. Let r be v(4). Let c = 9 + -6. Let y(g) = 8*g. Let h be y(c). What is the greatest common divisor of r and h?
12
Suppose -2*i - 292 = -4*n, 5*n + i - 368 = 5*i. What is the highest common factor of 8 and n?
8
Suppose -3*m + 1 = o - 5, 0 = 3*o + 5*m - 2. Let t be (-4)/(-6) + (-56)/o. What is the greatest common factor of t and 30?
10
Suppose -231 = -3*y + n, 3*y + y - 308 = -4*n. Calculate the greatest common divisor of 7 and y.
7
Let t(p) = -p**2 - 7*p - 3. Let c be t(-6). Suppose q - 5 = -c*i + 3*q, 20 = 4*q. What is the greatest common factor of i and 1?
1
Let n = -4 + 19. What is the highest common factor of n and 150?
15
Suppose -4*c + 5*n = -215, 0 = 4*n - 31 + 11. Calculate the greatest common factor of 12 and c.
12
Suppose 4*g - 12 = 8*g. Let x be -1 - -108 - (0 + g). Calculate the greatest common factor of 44 and x.
22
Let s = -10 + 1. Let q be ((-4)/12)/(1/s). Suppose -4*n = 5*d - 315, -2*n - q*n - 5*d + 390 = 0. What is the greatest common divisor of n and 15?
15
Suppose -m - 15 = 4*m, 2*m = 2*l. Let o(c) = -48*c + 3. Let x be o(l). What is the highest common divisor of x and 21?
21
Suppose 5*j = -5*n, 0 = -n + 3*n + 3*j - 3. Let m be 12 + (2 - 0) + n. What is the greatest common divisor of m and 99?
11
Suppose -520 = 113*m - 126*m. Let t be (-19 - 1)/(-2 + 1). What is the highest common factor of t and m?
20
Let b = -107 + 132. Calculate the highest common divisor of b and 225.
25
Let j = 15 - 3. Suppose 0 = -a + 12. Calculate the greatest common factor of a and j.
12
Let f be -1 - -5 - (1 + 0). Let a be (-48)/(-9)*(0 + f). Calculate the highest common divisor of a and 128.
16
Suppose 20*i - 23*i = -24. Let q = i - 6. What is the highest common factor of q and 6?
2
Let g = 29 + -5. Calculate the highest common factor of g and 60.
12
Suppose 2*a - 3*a + 2*b - 12 = 0, -2*b - 4 = a. Let r = -1 - a. What is the highest common divisor of 28 and r?
7
Let s = -9 + 11. Suppose 4*o + 29 = 3*q, 4*o - 7 = -s*q - 1. Let k = q + -5. Calculate the greatest common divisor of 3 and k.
1
Let a(g) = -g**2 + 2. Let k be a(0). Suppose -k*z - 3 = -z. Let j be 1 + (1 - (z + -8)). What is the highest common factor of j and 13?
13
Let b = -194 + 314. What is the greatest common divisor of b and 48?
24
Let h(o) = -o + 3. Let s be (-10)/(-45) - (-4)/(-18). Let d be h(s). Calculate the greatest common factor of d and 33.
3
Let c(m) = m**2 - 8*m - 3. Let b be c(11). Suppose -5*f + 4*n + b = -52, -n = 2*f - 38. What is the highest common factor of 144 and f?
18
Let o be -1*(-3 - 0 - -2). Suppose -3 - o = 4*i, 4*i + 324 = 5*c. Calculate the highest common factor of c and 16.
16
Suppose 24 = 4*z - g + 6, 4*g = -3*z + 4. What is the greatest common divisor of z and 1?
1
Let h be (-2)/(-8) + 176/64. Calculate the greatest common factor of 33 and h.
3
Suppose 0*f + 9 = 3*f. Suppose 0*n - 5*n = a - 66, f*a + 5*n = 178. What is the highest common factor of a and 7?
7
Suppose -j + 2*r = -7, -4*r = -5*j + 4*j + 11. Let y be (-1)/6 + 38/12. What is the greatest common divisor of j and y?
3
Let f = -162 - -228. What is the highest common factor of f and 6?
6
Let j be -3 - -1*(2 - -34). Suppose -3*x + 2*l + 2*l + j = 0, x - 16 = 3*l. Calculate the highest common factor of x and 21.
7
Let l be (-205)/(-4) - 4/16. Suppose -3 = 4*z - l. What is the highest common divisor of 12 and z?
12
Let x(n) = -10*n + 85. Let l be x(0). What is the highest common factor of l and 51?
17
Let x(s) = -s**2 - 7*s + 4. Let a be x(-7). Suppose -a = -0*y - y. Suppose y*i - w - 24 = 0, -3*w + 2 = i + 9. Calculate the greatest common factor of i and 1.
1
Let n be (34/6)/(4/12). Suppose -x + n = 5*r, -3*x + 38 = 5*r - 3*r. Ca